{"id":5,"date":"2017-01-26T09:19:11","date_gmt":"2017-01-26T08:19:11","guid":{"rendered":"http:\/\/www.gkev.de\/?page_id=5"},"modified":"2026-04-04T11:41:27","modified_gmt":"2026-04-04T09:41:27","slug":"startseite","status":"publish","type":"page","link":"https:\/\/www.goettinger-knabenchor.de\/","title":{"rendered":"Startseite"},"content":{"rendered":"\n<div class=\"wp-block-group is-layout-flow wp-block-group-is-layout-flow\" style=\"padding-top:3rem\">\n<p class=\"has-text-align-center has-x-large-font-size\">Willkommen beim G\u00f6ttinger Knabenchor!<\/p>\n\n\n\n<p>Konzerte, Tourneen, Film- und Audioaufnahmen sowie gemeinsame Aktivit\u00e4ten in einer lebendigen Chorgemeinschaft: Den rund 60 S\u00e4ngern des G\u00f6ttinger Knabenchors wird so schnell nicht langweilig! Hier erfahren Sie mehr \u00fcber uns und unsere Arbeit.<\/p>\n<\/div>\n\n\n\n<div class=\"wp-block-group alignwide is-layout-constrained wp-block-group-is-layout-constrained\" style=\"padding-top:2rem;padding-bottom:3rem\">\n<figure class=\"wp-block-image size-full\"><img loading=\"lazy\" decoding=\"async\" width=\"2560\" height=\"1440\" src=\"https:\/\/www.goettinger-knabenchor.de\/wp-content\/uploads\/2025\/11\/GK_2025_01-edited.jpg\" alt=\"\" class=\"wp-image-5227\" srcset=\"https:\/\/www.goettinger-knabenchor.de\/wp-content\/uploads\/2025\/11\/GK_2025_01-edited.jpg 2560w, https:\/\/www.goettinger-knabenchor.de\/wp-content\/uploads\/2025\/11\/GK_2025_01-edited-300x169.jpg 300w, https:\/\/www.goettinger-knabenchor.de\/wp-content\/uploads\/2025\/11\/GK_2025_01-edited-1024x576.jpg 1024w, https:\/\/www.goettinger-knabenchor.de\/wp-content\/uploads\/2025\/11\/GK_2025_01-edited-768x432.jpg 768w, https:\/\/www.goettinger-knabenchor.de\/wp-content\/uploads\/2025\/11\/GK_2025_01-edited-1536x864.jpg 1536w, https:\/\/www.goettinger-knabenchor.de\/wp-content\/uploads\/2025\/11\/GK_2025_01-edited-2048x1152.jpg 2048w\" sizes=\"auto, (max-width: 2560px) 100vw, 2560px\" \/><\/figure>\n<\/div>\n\n\n\n<div class=\"wp-block-group alignfull has-background is-layout-constrained wp-block-group-is-layout-constrained\" style=\"background-color:#f5f5f7;padding-top:50px;padding-bottom:50px\">\n<div class=\"wp-block-group is-layout-constrained wp-container-core-group-is-layout-369fd4ca wp-block-group-is-layout-constrained\" style=\"padding-top:0px;padding-right:0px;padding-bottom:0px;padding-left:0px\">\n<h2 class=\"wp-block-heading\">Kommende Termine<\/h2>\n\n\n<div class=\"r34ics-ajax-container loading\" id=\"r69ef1d9c566fc59\" data-view=\"list\" data-view-is-list-style=\"1\" data-view-is-list-long=\"1\" data-args=\"028bd20d43ad2e98816b0210ce4cec286b8b3ae3\" data-js-args=\"{&quot;debug&quot;:null}\">&nbsp;<\/div>\n\n\n\n<div class=\"wp-block-buttons is-content-justification-center is-layout-flex wp-container-core-buttons-is-layout-a89b3969 wp-block-buttons-is-layout-flex\">\n<div class=\"wp-block-button is-style-outline is-style-outline--1\"><a class=\"wp-block-button__link wp-element-button\" href=\"https:\/\/www.goettinger-knabenchor.de\/?page_id=59\">Alle Termine ansehen<\/a><\/div>\n<\/div>\n<\/div>\n<\/div>\n\n\n\n<div class=\"wp-block-group is-layout-flow wp-block-group-is-layout-flow\" style=\"padding-top:3rem\">\n<div class=\"wp-block-query alignwide is-layout-constrained wp-block-query-is-layout-constrained\"><ul class=\"columns-3 alignwide wp-block-post-template is-layout-grid wp-container-core-post-template-is-layout-6d3fbd8f wp-block-post-template-is-layout-grid\"><li class=\"wp-block-post post-5437 post type-post status-publish format-standard hentry category-konzerte category-pressespiegel tag-konzert tag-konzertreise-2026 tag-onlineartikel tag-weihnachtskonzert\">\n\n<div class=\"wp-block-group is-layout-flex wp-container-core-group-is-layout-61dbd000 wp-block-group-is-layout-flex\"><div style=\"font-size:0.875rem;\" class=\"wp-block-post-date\"><time datetime=\"2026-04-05T08:00:00+02:00\">5. April 2026<\/time><\/div><\/div>\n\n\n\n<div class=\"wp-block-group is-layout-flow wp-block-group-is-layout-flow\"><h2 style=\"font-size:1.5rem;\" class=\"tw-link-hover-underline wp-block-post-title\"><a href=\"https:\/\/www.goettinger-knabenchor.de\/?p=5437\" target=\"_self\" >Artikel: &#8222;Mit finnischer Inspiration im Gep\u00e4ck: G\u00f6ttinger Knabenchor begeistert daheim&#8220;<\/a><\/h2>\n\n<div style=\"font-size:0.9375em;\" class=\"wp-block-post-excerpt\"><p class=\"wp-block-post-excerpt__excerpt\">&#8222;\u00dcberw\u00e4ltigend war der Applaus mit Standing Ovations f\u00fcr die \u201eG\u00f6ttinger Christvesper\u201c in St. Jacobi, pr\u00e4sentiert vom G\u00f6ttinger Knabenchor und der Kammersymphonie Hannover. &#8218;Danke sch\u00f6n, es ist so gro\u00dfartig&#8216;, brachte eine Besucherin auf den Punkt, was viele von den rund 750 Menschen f\u00fchlten. Nach diesem Konzert kann es Weihnachten werden.&#8220;<\/p><p class=\"wp-block-post-excerpt__more-text\"><a class=\"wp-block-post-excerpt__more-link\" href=\"https:\/\/www.goettinger-knabenchor.de\/?p=5437\">Weiterlesen<\/a><\/p><\/div><\/div>\n\n<\/li><li class=\"wp-block-post post-5433 post type-post status-publish format-standard hentry category-konzerte category-pressespiegel tag-konzert tag-konzertreise-2026 tag-onlineartikel tag-weihnachtskonzert\">\n\n<div class=\"wp-block-group is-layout-flex wp-container-core-group-is-layout-61dbd000 wp-block-group-is-layout-flex\"><div style=\"font-size:0.875rem;\" class=\"wp-block-post-date\"><time datetime=\"2026-04-03T18:00:00+02:00\">3. April 2026<\/time><\/div><\/div>\n\n\n\n<div class=\"wp-block-group is-layout-flow wp-block-group-is-layout-flow\"><h2 style=\"font-size:1.5rem;\" class=\"tw-link-hover-underline wp-block-post-title\"><a href=\"https:\/\/www.goettinger-knabenchor.de\/?p=5433\" target=\"_self\" >Artikel: &#8222;G\u00f6ttinger Knabenchor begeistert nach Finnland-Reise: Konzert in der Marienkirche&#8220;<\/a><\/h2>\n\n<div style=\"font-size:0.9375em;\" class=\"wp-block-post-excerpt\"><p class=\"wp-block-post-excerpt__excerpt\">&#8222;\u00dcberw\u00e4ltigend war der Applaus mit Standing Ovations f\u00fcr die \u201eG\u00f6ttinger Christvesper\u201c in St. Jacobi, pr\u00e4sentiert vom G\u00f6ttinger Knabenchor und der Kammersymphonie Hannover. &#8218;Danke sch\u00f6n, es ist so gro\u00dfartig&#8216;, brachte eine Besucherin auf den Punkt, was viele von den rund 750 Menschen f\u00fchlten. Nach diesem Konzert kann es Weihnachten werden.&#8220;<\/p><p class=\"wp-block-post-excerpt__more-text\"><a class=\"wp-block-post-excerpt__more-link\" href=\"https:\/\/www.goettinger-knabenchor.de\/?p=5433\">Weiterlesen<\/a><\/p><\/div><\/div>\n\n<\/li><li class=\"wp-block-post post-5421 post type-post status-publish format-standard hentry category-konzertreise-2026 category-reisen tag-finnland tag-konzertreise\">\n\n<div class=\"wp-block-group is-layout-flex wp-container-core-group-is-layout-61dbd000 wp-block-group-is-layout-flex\"><div style=\"font-size:0.875rem;\" class=\"wp-block-post-date\"><time datetime=\"2026-04-03T14:41:31+02:00\">3. April 2026<\/time><\/div><\/div>\n\n\n\n<div class=\"wp-block-group is-layout-flow wp-block-group-is-layout-flow\"><h2 style=\"font-size:1.5rem;\" class=\"tw-link-hover-underline wp-block-post-title\"><a href=\"https:\/\/www.goettinger-knabenchor.de\/?p=5421\" target=\"_self\" >Finnland 2026 &#8211; Tag 13 (01.04.)<\/a><\/h2>\n\n<div style=\"font-size:0.9375em;\" class=\"wp-block-post-excerpt\"><p class=\"wp-block-post-excerpt__excerpt\">Heute geht es zur\u00fcck nach Hause. Dazu m\u00fcssen wir sehr fr\u00fch aufstehen.<\/p><p class=\"wp-block-post-excerpt__more-text\"><a class=\"wp-block-post-excerpt__more-link\" href=\"https:\/\/www.goettinger-knabenchor.de\/?p=5421\">Weiterlesen<\/a><\/p><\/div><\/div>\n\n<\/li><li class=\"wp-block-post post-5416 post type-post status-publish format-standard hentry category-konzertreise-2026 category-reisen tag-finnland tag-konzertreise tag-nallikari\">\n\n<div class=\"wp-block-group is-layout-flex wp-container-core-group-is-layout-61dbd000 wp-block-group-is-layout-flex\"><div style=\"font-size:0.875rem;\" class=\"wp-block-post-date\"><time datetime=\"2026-04-03T14:15:05+02:00\">3. April 2026<\/time><\/div><\/div>\n\n\n\n<div class=\"wp-block-group is-layout-flow wp-block-group-is-layout-flow\"><h2 style=\"font-size:1.5rem;\" class=\"tw-link-hover-underline wp-block-post-title\"><a href=\"https:\/\/www.goettinger-knabenchor.de\/?p=5416\" target=\"_self\" >Finnland 2026 &#8211; Tag 12 (31.03.)<\/a><\/h2>\n\n<div style=\"font-size:0.9375em;\" class=\"wp-block-post-excerpt\"><p class=\"wp-block-post-excerpt__excerpt\">Nach den anstregenden letzten Tagen, belohnen wir uns heute mit einem freien Tag am Meer.<\/p><p class=\"wp-block-post-excerpt__more-text\"><a class=\"wp-block-post-excerpt__more-link\" href=\"https:\/\/www.goettinger-knabenchor.de\/?p=5416\">Weiterlesen<\/a><\/p><\/div><\/div>\n\n<\/li><li class=\"wp-block-post post-5409 post type-post status-publish format-standard hentry category-konzertreise-2026 category-reisen tag-finnland tag-konzertreise tag-oulu\">\n\n<div class=\"wp-block-group is-layout-flex wp-container-core-group-is-layout-61dbd000 wp-block-group-is-layout-flex\"><div style=\"font-size:0.875rem;\" class=\"wp-block-post-date\"><time datetime=\"2026-03-31T19:28:28+02:00\">31. M\u00e4rz 2026<\/time><\/div><\/div>\n\n\n\n<div class=\"wp-block-group is-layout-flow wp-block-group-is-layout-flow\"><h2 style=\"font-size:1.5rem;\" class=\"tw-link-hover-underline wp-block-post-title\"><a href=\"https:\/\/www.goettinger-knabenchor.de\/?p=5409\" target=\"_self\" >Finnland 2026 &#8211; Tag 11 (30.03.)<\/a><\/h2>\n\n<div style=\"font-size:0.9375em;\" class=\"wp-block-post-excerpt\"><p class=\"wp-block-post-excerpt__excerpt\">Heute stehen unsere letzten Konzerte hier in Finnland an. Morgens singen wir ein Schul-Storytelling concert mit livestream, der M\u00e4nnerchor singt im Abendgottesdienst und abends findet dann das gro\u00dfe Konzert mit drei lokalen Ch\u00f6ren aus Oulu statt.<\/p><p class=\"wp-block-post-excerpt__more-text\"><a class=\"wp-block-post-excerpt__more-link\" href=\"https:\/\/www.goettinger-knabenchor.de\/?p=5409\">Weiterlesen<\/a><\/p><\/div><\/div>\n\n<\/li><li class=\"wp-block-post post-5405 post type-post status-publish format-standard hentry category-konzertreise-2026 category-reisen tag-finnland tag-konzertreise tag-oulu\">\n\n<div class=\"wp-block-group is-layout-flex wp-container-core-group-is-layout-61dbd000 wp-block-group-is-layout-flex\"><div style=\"font-size:0.875rem;\" class=\"wp-block-post-date\"><time datetime=\"2026-03-31T14:12:04+02:00\">31. M\u00e4rz 2026<\/time><\/div><\/div>\n\n\n\n<div class=\"wp-block-group is-layout-flow wp-block-group-is-layout-flow\"><h2 style=\"font-size:1.5rem;\" class=\"tw-link-hover-underline wp-block-post-title\"><a href=\"https:\/\/www.goettinger-knabenchor.de\/?p=5405\" target=\"_self\" >Finnland 2026 &#8211; Tag 10 (29.03.)<\/a><\/h2>\n\n<div style=\"font-size:0.9375em;\" class=\"wp-block-post-excerpt\"><p class=\"wp-block-post-excerpt__excerpt\">Wir singen heute im live gestreamten Palmsonntagsgottesdienst in Oulu. Anschlie\u00dfend erkunden wir Europas Kulturhauptstadt 2026 weiter und proben f\u00fcr das Konzert am Montag.<\/p><p class=\"wp-block-post-excerpt__more-text\"><a class=\"wp-block-post-excerpt__more-link\" href=\"https:\/\/www.goettinger-knabenchor.de\/?p=5405\">Weiterlesen<\/a><\/p><\/div><\/div>\n\n<\/li><\/ul><\/div>\n<\/div>\n","protected":false},"excerpt":{"rendered":"<p>Willkommen beim G\u00f6ttinger Knabenchor! Konzerte, Tourneen, Film- und Audioaufnahmen sowie gemeinsame Aktivit\u00e4ten in einer lebendigen Chorgemeinschaft: Den rund 60 S\u00e4ngern des G\u00f6ttinger Knabenchors wird so schnell nicht langweilig! Hier erfahren Sie mehr \u00fcber uns und unsere Arbeit. Kommende Termine<\/p>\n","protected":false},"author":1,"featured_media":0,"parent":0,"menu_order":0,"comment_status":"closed","ping_status":"closed","template":"wp-custom-template-start","meta":{"footnotes":""},"class_list":["post-5","page","type-page","status-publish","hentry"],"_links":{"self":[{"href":"https:\/\/www.goettinger-knabenchor.de\/index.php?rest_route=\/wp\/v2\/pages\/5","targetHints":{"allow":["GET"]}}],"collection":[{"href":"https:\/\/www.goettinger-knabenchor.de\/index.php?rest_route=\/wp\/v2\/pages"}],"about":[{"href":"https:\/\/www.goettinger-knabenchor.de\/index.php?rest_route=\/wp\/v2\/types\/page"}],"author":[{"embeddable":true,"href":"https:\/\/www.goettinger-knabenchor.de\/index.php?rest_route=\/wp\/v2\/users\/1"}],"replies":[{"embeddable":true,"href":"https:\/\/www.goettinger-knabenchor.de\/index.php?rest_route=%2Fwp%2Fv2%2Fcomments&post=5"}],"version-history":[{"count":165,"href":"https:\/\/www.goettinger-knabenchor.de\/index.php?rest_route=\/wp\/v2\/pages\/5\/revisions"}],"predecessor-version":[{"id":5432,"href":"https:\/\/www.goettinger-knabenchor.de\/index.php?rest_route=\/wp\/v2\/pages\/5\/revisions\/5432"}],"wp:attachment":[{"href":"https:\/\/www.goettinger-knabenchor.de\/index.php?rest_route=%2Fwp%2Fv2%2Fmedia&parent=5"}],"curies":[{"name":"wp","href":"https:\/\/api.w.org\/{rel}","templated":true}]}}

<div class="wp-block-group is-layout-flow wp-block-group-is-layout-flow" style="padding-top:3rem">
<p class="has-text-align-center has-x-large-font-size">Willkommen beim Göttinger Knabenchor!</p>



<p>Konzerte, Tourneen, Film- und Audioaufnahmen sowie gemeinsame Aktivitäten in einer lebendigen Chorgemeinschaft: Den rund 60 Sängern des Göttinger Knabenchors wird so schnell nicht langweilig! Hier erfahren Sie mehr über uns und unsere Arbeit.</p>
</div>



<div class="wp-block-group alignwide is-layout-constrained wp-block-group-is-layout-constrained" style="padding-top:2rem;padding-bottom:3rem">
<figure class="wp-block-image size-full"><img loading="lazy" decoding="async" width="2560" height="1440" src="https://www.goettinger-knabenchor.de/wp-content/uploads/2025/11/GK_2025_01-edited.jpg" alt="" class="wp-image-5227" srcset="https://www.goettinger-knabenchor.de/wp-content/uploads/2025/11/GK_2025_01-edited.jpg 2560w, https://www.goettinger-knabenchor.de/wp-content/uploads/2025/11/GK_2025_01-edited-300x169.jpg 300w, https://www.goettinger-knabenchor.de/wp-content/uploads/2025/11/GK_2025_01-edited-1024x576.jpg 1024w, https://www.goettinger-knabenchor.de/wp-content/uploads/2025/11/GK_2025_01-edited-768x432.jpg 768w, https://www.goettinger-knabenchor.de/wp-content/uploads/2025/11/GK_2025_01-edited-1536x864.jpg 1536w, https://www.goettinger-knabenchor.de/wp-content/uploads/2025/11/GK_2025_01-edited-2048x1152.jpg 2048w" sizes="auto, (max-width: 2560px) 100vw, 2560px" /></figure>
</div>



<div class="wp-block-group alignfull has-background is-layout-constrained wp-block-group-is-layout-constrained" style="background-color:#f5f5f7;padding-top:50px;padding-bottom:50px">
<div class="wp-block-group is-layout-constrained wp-container-core-group-is-layout-369fd4ca wp-block-group-is-layout-constrained" style="padding-top:0px;padding-right:0px;padding-bottom:0px;padding-left:0px">
<h2 class="wp-block-heading">Kommende Termine</h2>


<div class="r34ics-ajax-container loading" id="r69ef1d9c566fc59" data-view="list" data-view-is-list-style="1" data-view-is-list-long="1" data-args="028bd20d43ad2e98816b0210ce4cec286b8b3ae3" data-js-args="{&quot;debug&quot;:null}">&nbsp;</div>



<div class="wp-block-buttons is-content-justification-center is-layout-flex wp-container-core-buttons-is-layout-a89b3969 wp-block-buttons-is-layout-flex">
<div class="wp-block-button is-style-outline is-style-outline--1"><a class="wp-block-button__link wp-element-button" href="https://www.goettinger-knabenchor.de/?page_id=59">Alle Termine ansehen</a></div>
</div>
</div>
</div>



<div class="wp-block-group is-layout-flow wp-block-group-is-layout-flow" style="padding-top:3rem">
<div class="wp-block-query alignwide is-layout-constrained wp-block-query-is-layout-constrained"><ul class="columns-3 alignwide wp-block-post-template is-layout-grid wp-container-core-post-template-is-layout-6d3fbd8f wp-block-post-template-is-layout-grid"><li class="wp-block-post post-5437 post type-post status-publish format-standard hentry category-konzerte category-pressespiegel tag-konzert tag-konzertreise-2026 tag-onlineartikel tag-weihnachtskonzert">

<div class="wp-block-group is-layout-flex wp-container-core-group-is-layout-61dbd000 wp-block-group-is-layout-flex"><div style="font-size:0.875rem;" class="wp-block-post-date"><time datetime="2026-04-05T08:00:00+02:00">5. April 2026</time></div></div>



<div class="wp-block-group is-layout-flow wp-block-group-is-layout-flow"><h2 style="font-size:1.5rem;" class="tw-link-hover-underline wp-block-post-title"><a href="https://www.goettinger-knabenchor.de/?p=5437" target="_self" >Artikel: &#8222;Mit finnischer Inspiration im Gepäck: Göttinger Knabenchor begeistert daheim&#8220;</a></h2>

<div style="font-size:0.9375em;" class="wp-block-post-excerpt"><p class="wp-block-post-excerpt__excerpt">&#8222;Überwältigend war der Applaus mit Standing Ovations für die „Göttinger Christvesper“ in St. Jacobi, präsentiert vom Göttinger Knabenchor und der Kammersymphonie Hannover. &#8218;Danke schön, es ist so großartig&#8216;, brachte eine Besucherin auf den Punkt, was viele von den rund 750 Menschen fühlten. Nach diesem Konzert kann es Weihnachten werden.&#8220;</p><p class="wp-block-post-excerpt__more-text"><a class="wp-block-post-excerpt__more-link" href="https://www.goettinger-knabenchor.de/?p=5437">Weiterlesen</a></p></div></div>

</li><li class="wp-block-post post-5433 post type-post status-publish format-standard hentry category-konzerte category-pressespiegel tag-konzert tag-konzertreise-2026 tag-onlineartikel tag-weihnachtskonzert">

<div class="wp-block-group is-layout-flex wp-container-core-group-is-layout-61dbd000 wp-block-group-is-layout-flex"><div style="font-size:0.875rem;" class="wp-block-post-date"><time datetime="2026-04-03T18:00:00+02:00">3. April 2026</time></div></div>



<div class="wp-block-group is-layout-flow wp-block-group-is-layout-flow"><h2 style="font-size:1.5rem;" class="tw-link-hover-underline wp-block-post-title"><a href="https://www.goettinger-knabenchor.de/?p=5433" target="_self" >Artikel: &#8222;Göttinger Knabenchor begeistert nach Finnland-Reise: Konzert in der Marienkirche&#8220;</a></h2>

<div style="font-size:0.9375em;" class="wp-block-post-excerpt"><p class="wp-block-post-excerpt__excerpt">&#8222;Überwältigend war der Applaus mit Standing Ovations für die „Göttinger Christvesper“ in St. Jacobi, präsentiert vom Göttinger Knabenchor und der Kammersymphonie Hannover. &#8218;Danke schön, es ist so großartig&#8216;, brachte eine Besucherin auf den Punkt, was viele von den rund 750 Menschen fühlten. Nach diesem Konzert kann es Weihnachten werden.&#8220;</p><p class="wp-block-post-excerpt__more-text"><a class="wp-block-post-excerpt__more-link" href="https://www.goettinger-knabenchor.de/?p=5433">Weiterlesen</a></p></div></div>

</li><li class="wp-block-post post-5421 post type-post status-publish format-standard hentry category-konzertreise-2026 category-reisen tag-finnland tag-konzertreise">

<div class="wp-block-group is-layout-flex wp-container-core-group-is-layout-61dbd000 wp-block-group-is-layout-flex"><div style="font-size:0.875rem;" class="wp-block-post-date"><time datetime="2026-04-03T14:41:31+02:00">3. April 2026</time></div></div>



<div class="wp-block-group is-layout-flow wp-block-group-is-layout-flow"><h2 style="font-size:1.5rem;" class="tw-link-hover-underline wp-block-post-title"><a href="https://www.goettinger-knabenchor.de/?p=5421" target="_self" >Finnland 2026 &#8211; Tag 13 (01.04.)</a></h2>

<div style="font-size:0.9375em;" class="wp-block-post-excerpt"><p class="wp-block-post-excerpt__excerpt">Heute geht es zurück nach Hause. Dazu müssen wir sehr früh aufstehen.</p><p class="wp-block-post-excerpt__more-text"><a class="wp-block-post-excerpt__more-link" href="https://www.goettinger-knabenchor.de/?p=5421">Weiterlesen</a></p></div></div>

</li><li class="wp-block-post post-5416 post type-post status-publish format-standard hentry category-konzertreise-2026 category-reisen tag-finnland tag-konzertreise tag-nallikari">

<div class="wp-block-group is-layout-flex wp-container-core-group-is-layout-61dbd000 wp-block-group-is-layout-flex"><div style="font-size:0.875rem;" class="wp-block-post-date"><time datetime="2026-04-03T14:15:05+02:00">3. April 2026</time></div></div>



<div class="wp-block-group is-layout-flow wp-block-group-is-layout-flow"><h2 style="font-size:1.5rem;" class="tw-link-hover-underline wp-block-post-title"><a href="https://www.goettinger-knabenchor.de/?p=5416" target="_self" >Finnland 2026 &#8211; Tag 12 (31.03.)</a></h2>

<div style="font-size:0.9375em;" class="wp-block-post-excerpt"><p class="wp-block-post-excerpt__excerpt">Nach den anstregenden letzten Tagen, belohnen wir uns heute mit einem freien Tag am Meer.</p><p class="wp-block-post-excerpt__more-text"><a class="wp-block-post-excerpt__more-link" href="https://www.goettinger-knabenchor.de/?p=5416">Weiterlesen</a></p></div></div>

</li><li class="wp-block-post post-5409 post type-post status-publish format-standard hentry category-konzertreise-2026 category-reisen tag-finnland tag-konzertreise tag-oulu">

<div class="wp-block-group is-layout-flex wp-container-core-group-is-layout-61dbd000 wp-block-group-is-layout-flex"><div style="font-size:0.875rem;" class="wp-block-post-date"><time datetime="2026-03-31T19:28:28+02:00">31. März 2026</time></div></div>



<div class="wp-block-group is-layout-flow wp-block-group-is-layout-flow"><h2 style="font-size:1.5rem;" class="tw-link-hover-underline wp-block-post-title"><a href="https://www.goettinger-knabenchor.de/?p=5409" target="_self" >Finnland 2026 &#8211; Tag 11 (30.03.)</a></h2>

<div style="font-size:0.9375em;" class="wp-block-post-excerpt"><p class="wp-block-post-excerpt__excerpt">Heute stehen unsere letzten Konzerte hier in Finnland an. Morgens singen wir ein Schul-Storytelling concert mit livestream, der Männerchor singt im Abendgottesdienst und abends findet dann das große Konzert mit drei lokalen Chören aus Oulu statt.</p><p class="wp-block-post-excerpt__more-text"><a class="wp-block-post-excerpt__more-link" href="https://www.goettinger-knabenchor.de/?p=5409">Weiterlesen</a></p></div></div>

</li><li class="wp-block-post post-5405 post type-post status-publish format-standard hentry category-konzertreise-2026 category-reisen tag-finnland tag-konzertreise tag-oulu">

<div class="wp-block-group is-layout-flex wp-container-core-group-is-layout-61dbd000 wp-block-group-is-layout-flex"><div style="font-size:0.875rem;" class="wp-block-post-date"><time datetime="2026-03-31T14:12:04+02:00">31. März 2026</time></div></div>



<div class="wp-block-group is-layout-flow wp-block-group-is-layout-flow"><h2 style="font-size:1.5rem;" class="tw-link-hover-underline wp-block-post-title"><a href="https://www.goettinger-knabenchor.de/?p=5405" target="_self" >Finnland 2026 &#8211; Tag 10 (29.03.)</a></h2>

<div style="font-size:0.9375em;" class="wp-block-post-excerpt"><p class="wp-block-post-excerpt__excerpt">Wir singen heute im live gestreamten Palmsonntagsgottesdienst in Oulu. Anschließend erkunden wir Europas Kulturhauptstadt 2026 weiter und proben für das Konzert am Montag.</p><p class="wp-block-post-excerpt__more-text"><a class="wp-block-post-excerpt__more-link" href="https://www.goettinger-knabenchor.de/?p=5405">Weiterlesen</a></p></div></div>

</li></ul></div>
</div>

<p>Willkommen beim Göttinger Knabenchor! Konzerte, Tourneen, Film- und Audioaufnahmen sowie gemeinsame Aktivitäten in einer lebendigen Chorgemeinschaft: Den rund 60 Sängern des Göttinger Knabenchors wird so schnell nicht langweilig! Hier erfahren Sie mehr über uns und unsere Arbeit. Kommende Termine</p>
